{"id":13,"date":"2014-02-09T10:33:31","date_gmt":"2014-02-09T10:33:31","guid":{"rendered":"http:\/\/praxis-wolfganghaas.de\/?page_id=13"},"modified":"2021-02-07T11:41:02","modified_gmt":"2021-02-07T11:41:02","slug":"impressum","status":"publish","type":"page","link":"https:\/\/praxis-wolfganghaas.de\/?page_id=13","title":{"rendered":"Impressum"},"content":{"rendered":"<h3><span style=\"font-size: 18pt\">Impressum<\/span><\/h3>\n<p><span style=\"color: #000000\">Angaben gem\u00e4\u00df \u00a7 5 TMG:<\/span><\/p>\n<p><span style=\"color: #000000\">Betreiber der Internetpr\u00e4senz und verantwortlich f\u00fcr den Inhalt gem\u00e4\u00df \u00a7 55 Abs. 2 RStV ist:<\/span><\/p>\n<p><span style=\"color: #000000\">Wolfgang Haas, Heilpraktiker<br \/>\n<\/span><\/p>\n<p><span style=\"color: #000000\">Pippinplatz 3<\/span><br \/>\n<span style=\"color: #000000\"> 82131 Gauting<\/span><\/p>\n<p><span style=\"color: #000000\">tel. o89\/8507154<\/span><br \/>\n<span style=\"font-size: 12pt;background-color: #ffffff;color: #000000\"> e-mail: <a style=\"color: #000000;background-color: #ffffff\" href=\"mailto:Praxis-Haas@web.de\">Praxis-Haas@web.de<\/a>.<\/span><br \/>\n<span style=\"font-size: 12pt;color: #000000;background-color: #ffffff\"> web: praxis-wolfganghaas.de<\/span><\/p>\n<p><span style=\"text-decoration: underline;color: #000000\"><span style=\"font-size: 14pt\"><strong>Berufsbezeichnung:<\/strong><\/span><\/span><br \/>\n<span style=\"color: #000000\"> Heilpraktiker (Deutschland)<\/span><\/p>\n<p><span style=\"color: #000000\"> Erteilung der Erlaubnis zur Aus\u00fcbung der Heilkunde durch das Landratsamt Starnberg am 01.3.1984<\/span><\/p>\n<p><span style=\"text-decoration: underline;color: #000000\"><span style=\"font-size: 14pt\"><strong><span style=\"background-color: #ffffff\">Zust\u00e4ndige Aufsichtsbeh\u00f6rde:<\/span><\/strong><\/span><\/span><br \/>\n<span style=\"color: #000000\"> Landratsamt Starnberg<\/span><br \/>\n<span style=\"color: #000000\"> Gesundheitswesen \/ Fachbereich 32<\/span><br \/>\n<span style=\"color: #000000\"> Dampfschiffstra\u00dfe 2 a | 82319&nbsp;Starnberg<\/span><br \/>\n<span style=\"color: #000000\"> Telefon (0 81 51) 148-900<\/span><br \/>\n<span style=\"color: #000000\"> gesundheitswesen@LRA-starnberg.de \/ www.lk-starnberg<\/span><\/p>\n<p><span style=\"font-size: 12pt;color: #000000;background-color: #ffffff\"><span style=\"text-decoration: underline\"><strong><span style=\"font-size: 14pt\">Berufsverband:<\/span><\/strong><\/span><br \/>\nMitgliedschaft im Fachverband Deutscher Heilpraktiker<br \/>\nHeilpraktikerverband Bayern<br \/>\nMitgliedsnummer Berufsverband: 10108.00<br \/>\n<\/span><\/p>\n<p><strong><span style=\"text-decoration: underline;color: #000000;font-size: 14pt;background-color: #ffffff\">Berufsrechtliche Regelung<\/span><\/strong><br \/>\n<span style=\"font-size: 12pt;color: #000000;background-color: #ffffff\"> Durch das Heilberufegesetz des Landes Bayern, durch das Heilpraktikergesetz \u201eGesetz \u00fcber die berufsm\u00e4ssige Aus\u00fcbung der Heilkunde ohne Bestallung\u201c vom 17.02.1939,ge\u00e4ndert durch Art.53 des EGStGB vom 02.03.1974 (BGB1. I S.469).<\/span><\/p>\n<p><span style=\"color: #000000\">Durch die Berufsordnung f\u00fcr Heilpraktiker (BOH) einsehbar unter: <a style=\"color: #000000\" href=\"http:\/\/www.heilpraktiker.org\/die-berufsordnung-fuer-heilpraktiker\" target=\"_blank\" rel=\"noopener noreferrer\">www.heilpraktiker.org<\/a><\/span><br \/>\n<span style=\"font-size: 12pt;color: #000000;background-color: #ffffff\"> Die berufsrechtliche Regelung kann unter <a style=\"color: #000000;background-color: #ffffff\" href=\"http:\/\/www.gesetze-im-Internet.de\">www.gesetze-im-Internet.de<\/a> und dort unter Stichwort\/Titelsuche \u201eHeilpraktikergesetz\u201c eingesehen werden.<\/span><\/p>\n<p><span style=\"text-decoration: underline\"><span style=\"color: #000000;font-size: 14pt;text-decoration: underline\"><strong>Berufshaftpflichtversicherung:<\/strong><\/span><\/span><br \/>\n<span style=\"color: #000000\"> (Geltungsbereich: Deutschland)<\/span><br \/>\n<span style=\"color: #000000\">Versicherungskammer Bayern<\/span><br \/>\n<span style=\"color: #000000\">Versicherungsanstalt des \u00f6ffentlichen Rechts<\/span><br \/>\n<span style=\"color: #000000\">Maximilianstra\u00dfe 53<\/span><br \/>\n<span style=\"color: #000000\">80530 M\u00fcnchen<\/span><br \/>\n<span style=\"color: #000000\">www.vkb.de<\/span><\/p>\n<p><span style=\"text-decoration: underline\"><span style=\"color: #000000;font-size: 14pt;text-decoration: underline\"><strong>Streitschlichtung<\/strong><\/span><\/span><br \/>\n<span style=\"color: #000000\"> Die Europ\u00e4ische Kommission stellt eine Plattform zur Online-Streitbeilegung (OS) bereit:<\/span><br \/>\n<span style=\"color: #000000\"> https:\/\/ec.europa.eu\/consumers\/odr<br \/>\nWir sind nicht bereit oder verpflichtet, an Streitbeilegungsverfahren vor einer Verbraucherschlichtungsstelle teilzunehmen.<br \/>\n<\/span><\/p>\n<p>&nbsp;<\/p>\n<p><strong><span style=\"text-decoration: underline;color: #000000;font-size: 14pt;background-color: #ffffff\">Haftungsausschluss<\/span><\/strong><br \/>\n<span style=\"color: #000000\"><span style=\"font-size: 12pt;background-color: #ffffff\"> Die Inhalte dieser Internetpr\u00e4senz werden mit gr\u00f6\u00dftm\u00f6glicher Sorgfalt erstellt. Sie dient ausschlie\u00dflich der allgemeinen Information. Sie kann und will keine gesundheitliche Beratung oder Behandlung ersetzen, da diese individuell und nach ausf\u00fchrlicher Untersuchung erfolgen m\u00fcssen. Sie dient auch nicht als Grundlage zur Eigentherapie und r\u00e4t ausdr\u00fccklich davon ab.<\/span> Ich \u00fcbernehme keinerlei Gew\u00e4hr f\u00fcr die Aktualit\u00e4t, Korrektheit, Vollst\u00e4ndigkeit oder Qualit\u00e4t der bereitgestellten Informationen. Haftungsanspr\u00fcche gegen mich, die sich auf Sch\u00e4den materieller oder ideeller Art beziehen, die durch die Nutzung oder Nichtnutzung der dargebotenen Informationen bzw. durch die Nutzung fehlerhafter und unvollst\u00e4ndiger Informationen verursacht wurden, sind grunds\u00e4tzlich ausgeschlossen, sofern meinerseits kein nachweislich vors\u00e4tzliches oder grob fahrl\u00e4ssiges Verschulden vorliegt. Alle Angebote sind freibleibend und unverbindlich. Als Diensteanbieter sind wir gem\u00e4\u00df \u00a7 7 Abs.1 TMG f\u00fcr eigene Inhalte auf diesen Seiten nach den allgemeinen Gesetzen verantwortlich. Nach \u00a7\u00a7 8 bis 10 TMG sind wir als Diensteanbieter jedoch nicht verpflichtet, \u00fcbermittelte oder gespeicherte fremde Informationen zu \u00fcberwachen oder nach Umst\u00e4nden zu forschen, die auf eine rechtswidrige T\u00e4tigkeit hinweisen.<br \/>\nVerpflichtungen zur Entfernung oder Sperrung der Nutzung von Informationen nach den allgemeinen Gesetzen bleiben hiervon unber\u00fchrt. Eine diesbez\u00fcgliche Haftung ist jedoch erst ab dem Zeitpunkt der Kenntnis einer konkreten Rechtsverletzung m\u00f6glich. Bei Bekanntwerden von entsprechenden Rechtsverletzungen werden wir diese Inhalte umgehend entfernen.<br \/>\n<\/span><\/p>\n<p><span style=\"color: #000000\"><strong>Verf\u00fcgbarkeit der Website<\/strong><span style=\"text-decoration: underline\"><strong><br \/>\n<\/strong><\/span>Der Anbieter wird sich bem\u00fchen, den Dienst m\u00f6glichst unterbrechungsfrei zum Abruf anzubieten. Auch bei aller Sorgfalt k\u00f6nnen aber Ausfallzeiten nicht ausgeschlossen werden. Der Anbieter beh\u00e4lt sich das Recht vor,&nbsp; Teile der Seiten oder das gesamte Angebot ohne gesonderte Ank\u00fcndigung zu ver\u00e4ndern, zu erg\u00e4nzen, zu l\u00f6schen oder die Ver\u00f6ffentlichung zeitweise oder endg\u00fcltig einzustellen.<\/span><\/p>\n<p><span style=\"color: #000000\"><strong>Haftung f\u00fcr Links<\/strong><\/span><br \/>\n<span style=\"color: #000000\">Unser Angebot enth\u00e4lt Links zu externen Websites Dritter, auf deren Inhalte wir keinen Einfluss haben. Deshalb k\u00f6nnen wir f\u00fcr diese fremden Inhalte auch keine Gew\u00e4hr \u00fcbernehmen. F\u00fcr die Inhalte der verlinkten Seiten ist stets der jeweilige Anbieter oder Betreiber der Seiten verantwortlich. Die verlinkten Seiten wurden zum Zeitpunkt der Verlinkung auf m\u00f6gliche Rechtsverst\u00f6\u00dfe \u00fcberpr\u00fcft. Rechtswidrige Inhalte waren zum Zeitpunkt der Verlinkung nicht erkennbar.<\/span><br \/>\n<span style=\"color: #000000\">Eine permanente inhaltliche Kontrolle der verlinkten Seiten ist jedoch ohne konkrete Anhaltspunkte einer Rechtsverletzung nicht zumutbar. Bei Bekanntwerden von Rechtsverletzungen werden wir derartige Links umgehend entfernen.<\/span><\/p>\n<p><span style=\"color: #000000\"><strong>Weitere URLs desselben Betreibers:<\/strong><\/span><br \/>\n<span style=\"color: #000000\"> www.menschundnatur-gbr.de<\/span><\/p>\n<p><span style=\"color: #000000\"><strong>Urheberrecht<\/strong><\/span><br \/>\n<span style=\"color: #000000\">Die durch die Seitenbetreiber erstellten Inhalte und Werke auf diesen Seiten unterliegen dem deutschen Urheberrecht. Die Vervielf\u00e4ltigung, Bearbeitung, Verbreitung und jede Art der Verwertung au\u00dferhalb der Grenzen des Urheberrechtes bed\u00fcrfen der schriftlichen Zustimmung des jeweiligen Autors bzw. Erstellers. Downloads und Kopien dieser Seite sind nur f\u00fcr den privaten, nicht kommerziellen Gebrauch gestattet.<\/span><br \/>\n<span style=\"color: #000000\">Soweit die Inhalte auf dieser Seite nicht vom Betreiber erstellt wurden, werden die Urheberrechte Dritter beachtet. Insbesondere werden Inhalte Dritter als solche gekennzeichnet. Sollten Sie trotzdem auf eine Urheberrechtsverletzung aufmerksam werden, bitten wir um einen entsprechenden Hinweis. Bei Bekanntwerden von Rechtsverletzungen werden wir derartige Inhalte umgehend entfernen.<\/span><\/p>\n<p><span style=\"color: #000000\"><strong>Bildnachweis:<\/strong><br \/>\n<span style=\"font-size: 14pt\">privat, http:\/\/pixabay.com<\/span><\/span><\/p>\n<p>&nbsp;<\/p>\n<p>&nbsp;<\/p>\n<p><span style=\"color: #000000;font-size: 14pt;background-color: #ffffff\">__________________________________________________________________<\/span><\/p>\n<p>&nbsp;<\/p>\n","protected":false},"excerpt":{"rendered":"<p>Impressum Angaben gem\u00e4\u00df \u00a7 5 TMG: Betreiber der Internetpr\u00e4senz und verantwortlich f\u00fcr den Inhalt gem\u00e4\u00df \u00a7 55 Abs. 2 RStV ist: Wolfgang Haas, Heilpraktiker Pippinplatz 3 82131 Gauting tel. o89\/8507154 e-mail: Praxis-Haas@web.de. web: praxis-wolfganghaas.de Berufsbezeichnung: Heilpraktiker (Deutschland) Erteilung der Erlaubnis zur Aus\u00fcbung der Heilkunde durch das Landratsamt Starnberg am 01.3.1984 Zust\u00e4ndige Aufsichtsbeh\u00f6rde: Landratsamt Starnberg Gesundheitswesen &hellip;<\/p>\n<p class=\"read-more\"> <a class=\"\" href=\"https:\/\/praxis-wolfganghaas.de\/?page_id=13\"> <span class=\"screen-reader-text\">Impressum<\/span> Weiterlesen &raquo;<\/a><\/p>\n","protected":false},"author":1,"featured_media":0,"parent":0,"menu_order":0,"comment_status":"closed","ping_status":"closed","template":"","meta":{"site-sidebar-layout":"no-sidebar","site-content-layout":"default","ast-global-header-display":"","ast-main-header-display":"","ast-hfb-above-header-display":"","ast-hfb-below-header-display":"","ast-hfb-mobile-header-display":"","site-post-title":"disabled","ast-breadcrumbs-content":"","ast-featured-img":"","footer-sml-layout":"","theme-transparent-header-meta":"default","adv-header-id-meta":"","stick-header-meta":"","header-above-stick-meta":"","header-main-stick-meta":"","header-below-stick-meta":""},"_links":{"self":[{"href":"https:\/\/praxis-wolfganghaas.de\/index.php?rest_route=\/wp\/v2\/pages\/13"}],"collection":[{"href":"https:\/\/praxis-wolfganghaas.de\/index.php?rest_route=\/wp\/v2\/pages"}],"about":[{"href":"https:\/\/praxis-wolfganghaas.de\/index.php?rest_route=\/wp\/v2\/types\/page"}],"author":[{"embeddable":true,"href":"https:\/\/praxis-wolfganghaas.de\/index.php?rest_route=\/wp\/v2\/users\/1"}],"replies":[{"embeddable":true,"href":"https:\/\/praxis-wolfganghaas.de\/index.php?rest_route=%2Fwp%2Fv2%2Fcomments&post=13"}],"version-history":[{"count":30,"href":"https:\/\/praxis-wolfganghaas.de\/index.php?rest_route=\/wp\/v2\/pages\/13\/revisions"}],"predecessor-version":[{"id":2429,"href":"https:\/\/praxis-wolfganghaas.de\/index.php?rest_route=\/wp\/v2\/pages\/13\/revisions\/2429"}],"wp:attachment":[{"href":"https:\/\/praxis-wolfganghaas.de\/index.php?rest_route=%2Fwp%2Fv2%2Fmedia&parent=13"}],"curies":[{"name":"wp","href":"https:\/\/api.w.org\/{rel}","templated":true}]}}